ime?
True
Is 90774280031 a composite number?
True
Is 1519736747 a prime number?
False
Is 54039973891 composite?
True
Is 1789550447 a prime number?
True
Is 157829762177 a prime number?
True
Is 2379975179 a composite number?
False
Is 31122309593 composite?
False
Is 15510885139 a composite number?
True
Is 7759516081 prime?
True
Is 945752519 a composite number?
False
Is 15493520543 a composite number?
False
Is 2116699751 a prime number?
False
Is 1257846351 a composite number?
True
Is 544869147 a prime number?
False
Is 3650295478 a prime number?
False
Is 3381779113 composite?
True
Is 1453327769 a composite number?
True
Is 26644772837 prime?
False
Is 272917889 a composite number?
True
Is 4354898111 a prime number?
True
Is 92820369 composite?
True
Is 12491216503 a prime number?
True
Is 713377373 a composite number?
False
Is 103072712261 a prime number?
False
Is 3142565081 prime?
False
Is 271220080861 prime?
True
Is 1098357829 a composite number?
False
Is 8550236627 prime?
False
Is 33684562361 prime?
True
Is 30221369 composite?
False
Is 9122584609 a composite number?
False
Is 6540762541 prime?
False
Is 517924319 a prime number?
False
Is 21730449421 composite?
False
Is 1683680045 a composite number?
True
Is 718030969 a prime number?
True
Is 25781088577 prime?
False
Is 246443557 a composite number?
False
Is 8238170431 a prime number?
True
Is 8299927462 composite?
True
Is 709131581 composite?
True
Is 482342677 a prime number?
False
Is 18021775241 a prime number?
True
Is 141664128923 composite?
True
Is 1680122387 composite?
False
Is 136709963609 a prime number?
True
Is 88380186073 a prime number?
True
Is 605973413 a prime number?
True
Is 78245239 a prime number?
False
Is 4589377693 a composite number?
False
Is 1888852143 a prime number?
False
Is 4469050927 a composite number?
True
Is 20057347 composite?
False
Is 1279978697 composite?
False
Is 2285345627 a prime number?
True
Is 93296119417 a composite number?
True
Is 7074513011 a composite number?
False
Is 14985737705 prime?
False
Is 98846373287 a prime number?
True
Is 10733621377 a composite number?
True
Is 7894404971 a prime number?
False
Is 1241682133 a prime number?
False
Is 110640129455 a prime number?
False
Is 508455581 prime?
True
Is 12860909 prime?
False
Is 1397336989 composite?
False
Is 90285553 prime?
False
Is 263378257 a prime number?
True
Is 41814952301 composite?
True
Is 2313946078 composite?
True
Is 419378539 prime?
True
Is 32094378223 composite?
False
Is 584802287 prime?
False
Is 7717295767 a prime number?
True
Is 1030205563 a composite number?
True
Is 18506099269 a composite number?
True
Is 306153961 a prime number?
True
Is 5235073 prime?
True
Is 33367155553 a prime number?
True
Is 294116597 a composite number?
True
Is 1977571181 prime?
True
Is 224199991 a composite number?
False
Is 5557014049 a prime number?
False
Is 3105530299 prime?
False
Is 89196948299 prime?
True
Is 11705039 a composite number?
True
Is 37703198991 composite?
True
Is 6246144298 a composite number?
True
Is 3509211419 a prime number?
False
Is 102322309 prime?
True
Is 1139033723 a prime number?
True
Is 221920720409 a prime number?
True
Is 450006097 prime?
True
Is 2008142063 a composite number?
False
Is 1432339703 a prime number?
True
Is 136366882877 a prime number?
True
Is 46678117771 a prime number?
True
Is 3713515109 a prime number?
False
Is 13960233713 composite?
False
Is 3705453251 prime?
True
Is 1191871403 prime?
True
Is 160016766233 a prime number?
True
Is 153425053003 composite?
False
Is 204176279 a composite number?
False
Is 25658722991 a composite number?
True
Is 404861047 prime?
True
Is 253816245011 a composite number?
True
Is 291497809 a composite number?
True
Is 202101496589 prime?
True
Is 4606920001 a composite number?
False
Is 33713870413 a composite number?
True
Is 4670539495 a composite number?
True
Is 25527477311 composite?
True
Is 3602729887 prime?
True
Is 63597161077 composite?
False
Is 34221957389 prime?
False
Is 3099709553 a prime number?
True
Is 34799189851 prime?
True
Is 831782041 a composite number?
False
Is 42874762363 prime?
True
Is 59042538871 composite?
False
Is 107706847 a composite number?
True
Is 2263799809 composite?
True
Is 44023619 prime?
False
Is 15594089389 a composite number?
False
Is 1197534131 composite?
True
Is 8127879833 a prime number?
False
Is 230248229 a prime number?
True
Is 21147255893 a composite number?
True
Is 2270085691 a composite number?
False
Is 8575772771 a composite number?
False
Is 6086582339 composite?
False
Is 806766383 composite?
False
Is 17585454847 a prime number?
False
Is 342239657 a prime number?
True
Is 239441297 prime?
True
Is 5119460309 a prime number?
True
Is 1607760809 prime?
False
Is 11565753071 a prime number?
False
Is 133617131 prime?
False
Is 73588589 prime?
False
Is 8717043487 a prime number?
False
Is 638299421 prime?
True
Is 5217417349 a composite number?
False
Is 1592681747 a composite number?
True
Is 11454359621 a composite number?
False
Is 765409 composite?
False
Is 1789145077 prime?
True
Is 5676415751 prime?
True
Is 4286464501 a prime number?
False
Is 590186669 a prime number?
True
Is 4120067701 a composite number?
False
Is 4737958619 composite?
False
Is 9752354671 a prime number?
True
Is 2259060343 a prime number?
True
Is 298460561339 a prime number?
True
Is 3695434511 a composite number?
True
Is 25304191513 prime?
False
Is 10795058227 a composite number?
False
Is 38859757273 a composite number?
False
Is 1671532139 prime?
False
Is 3590621077 a composite number?
True
Is 376045499 prime?
True
Is 42800146801 a prime number?
True
Is 56055388421 prime?
True
Is 1182120311 a composite number?
False
Is 368825179 prime?
False
Is 1202744297 composite?
True
Is 1137522041 a prime number?
False
Is 3698466293 a prime number?
False
Is 3173942689 prime?
True
Is 788248229 prime?
False
Is 357540161 composite?
True
Is 3353100511 a composite number?
True
Is 298438709 a composite number?
False
Is 62056986989 a prime number?
False
Is 16594889534 a prime number?
False
Is 79272730522 composite?
True
Is 7872932029 a prime number?
True
Is 30230026997 prime?
True
Is 555121811 a prime number?
True
Is 3489723023 a prime number?
False
Is 8907464593 a prime number?
True
Is 112581627317 composite?
True
Is 207590821 composite?
False
Is 136568623 composite?
True
Is 1175746213 prime?
True
Is 88299903823 composite?
False
Is 918542057 a composite number?
True
Is 12663859435 a prime number?
False
Is 1208573123 prime?
True
Is 3582230401 composite?
False
Is 590266151 prime?
True
Is 863919677 a prime number?
True
Is 2938894033 composite?
True
Is 751386917 a composite number?
True
Is 358607437 a composite number?
True
Is 16157904947 a prime number?
False
Is 10792903195 a composite number?
True
Is 4552708903 a prime number?
False
Is 723664319 prime?
False
Is 947525723 a composite number?
False
Is 138181047839 a prime number?
True
Is 1050515573 a prime number?
False
Is 107155073 a prime number?
True
Is 28496628239 prime?
False
Is 49646122619 a composite number?
True
Is 2294104237 a composite number?
True
Is 143130127474 a prime number?
False
Is 54372734657 prime?
True
Is 48157471433 prime?
True
Is 616068701 a prime number?
True
Is 13909203727 composite?
False
Is 24934879913 a composite number?
False
Is 3519518263 a prime number?
False
Is 1750596979 composite?
False
Is 46589652679 a prime number?
False
Is 358038652739 prime?
True
Is 2376303549 a composite number?
True
Is 15840380821 composite?
True
Is 41557938313 a composite number?
True
Is 108328993109 prime?
False
Is 214297301 composite?
False
Is 5407886359 a composite number?
True
Is 3982913257 a composite number?
False
Is 6012305743 prime?
False
Is 18596102663 a composite number?
True
Is 2978784571 prime?
False
Is 10195966243 a composite number?
True
Is 27120965177 a composite number?
True
Is 699052429 composite?
False
Is 6729142003 prime?
False
Is 2258142793 composite?
True
Is 904564709 a prime number?
True
Is 354169021 prime?
False
Is 51500499961 a prime number?
False
Is 843557261 a composite number?
True
Is 42367661431 a composite number?
False
Is 1351693301 composite?
True
Is 33765068999 a composite number?
False
Is 1470997639 a composite number?
False
Is 153707471 a prime number?
True
Is 594479609 composite?
False
Is 41484071